{"id":4896,"date":"2021-11-04T17:54:13","date_gmt":"2021-11-04T16:54:13","guid":{"rendered":"https:\/\/www.silent-ride.ch\/?post_type=product&#038;p=4896"},"modified":"2026-04-20T13:33:50","modified_gmt":"2026-04-20T11:33:50","slug":"city-go-rs-x3","status":"publish","type":"product","link":"https:\/\/www.silent-ride.ch\/wordpress\/produkt\/city-go-rs-x3\/","title":{"rendered":"E-Roller City GO RS X3 30 Ah CarPlay"},"content":{"rendered":"<div class=\"o-layout\">\n<div class=\"o-layout__item u-1\/2@tablet\">\n<div class=\"o-layout\">\n<div class=\"o-layout__item u-1\/2@tablet\">\n<h1>E-Roller City GO X3 auch bekannt als City GO RS X3 CarPlay &#8211; darf in der Schweiz ohne Kontrollschild und ohne Fahrausweis gefahren werden.<\/h1>\n<h2><strong>Der City GO RS X3 verf\u00fcgt \u00fcber eingebaute Bluetooth &#8211; Lautsprecher und Freisprecheinrichtung.<\/strong><\/h2>\n<h3>Wir bieten diesen eRoller City GO X3 mit dem grossen 30AH Akku an.<\/h3>\n<h3><strong>In der Standartausf\u00fchrung f\u00e4hrt der eScooter City GO X3 bis zu 25km\/h <\/strong><strong>und entdrosselt eine H\u00f6chstgeschwindigkeit von bis zu 45 km\/h (mit Fahrausweis Kat. A1).<\/strong><\/h3>\n<h3>Das helle LED Display zeigt alle ben\u00f6tigten Informationen an.<\/h3>\n<h3>Er ist mit seinen 65kg sehr wendig.<\/h3>\n<h3>Der City Go X3 Motor mit 500 Watt sorgt f\u00fcr eine kraftvolle, durchgehend konstante Beschleunigung des eRoller City Go RS X3.<\/h3>\n<h5>Der<strong>\u00a0Elektroroller<\/strong> eignet sich perfekt f\u00fcr alle Personen, die sich schnell und leise \u00fcber Strecken von bis zu 100 Kilometer bewegen m\u00f6chten. Der <strong>eRoller<\/strong> <strong>City Go<\/strong>\u00a0eignet sich gut f\u00fcr den kurzen Weg zur Arbeit oder um sich m\u00fchelos im Stadtverkehr fortbewegen zu k\u00f6nnen. Auch auf Messen oder Ihrem Arbeitsplatz k\u00f6nnen Sie mit dem <strong>E-Roller<\/strong> &#8222;<strong>City Go X3<\/strong>&#8220; im Handumdrehen von A nach B fahren. Der <strong>Elektro-Scooter<\/strong> von eignet sich aber auch ideal f\u00fcr unbefestigte Strassen- und Velowege.<\/h5>\n<h3>Was kann der <strong>E-Scooter City GO X3<\/strong>?<\/h3>\n<h3>Der Elektro Scooter punktet trotz seinem niedrigen Preis &#8211; mit hochwertiger Verarbeitung und Ausstattung.<\/h3>\n<p>Die Scheiben-Bremse verf\u00fcgt \u00fcber eine gute Bremsst\u00e4rke am Vorder- und Hinterrad. Des weiteren punktet<br \/>\nder <strong>Elektro-Roller<\/strong> mit seiner einfachen Bedienung und der integrierten Alarm-Anlage sowie Wegfahrsperre.<\/p>\n<p>Beim <strong>Kauf <\/strong>eines <strong>E-Roller City X3<\/strong>\u00a0sollte nat\u00fcrlich nicht nur der Komfort beim Cruisen durch Stadt und Land wichtig sein &#8211; ein tolles Fahrgef\u00fchl bringt dieser <strong>Elektro-Roller<\/strong> ebenfalls mit.<\/p>\n<p>Der <strong>E-Scooter CITY RS<\/strong>\u00a0 sorgt mit seinen breiten Reifen f\u00fcr einen stabilen und zugleich komfortablen Fahrspass auf unterschiedlichen Fahrbahnen.<br \/>\nAm Ziel angekommen, k\u00f6nnen Sie Ihren neuen <strong>eRoller<\/strong> einfach auf den integrierten St\u00e4nder abstellen.<\/p>\n<p>Ein besonderes Feature ist &#8211; der <strong>Elektro-Scooter<\/strong> verf\u00fcgt \u00fcber einen formsch\u00f6nen Top Case.<\/p>\n<h3>Langlebiger Akku mit neusten LiFePo4 Zellen &#8211; 30AH Metallgeh\u00e4use<\/h3>\n<p>Kaufen Sie bei <strong>silent-ride.ch<\/strong> einen <strong>Elektro-Scooter<\/strong> &#8211; Sie werden lange Spass daran haben. Der <strong>E-Roller City RS X3 <\/strong>hat\u00a0einen langlebigen 48V 30 Ah Lithium Eisen Phosphat &#8211; Akku, der \u00fcber 2000 Voll-Ladezyklen mitmacht, bevor seine Kapazit\u00e4t auf 70% reduziert wird. Der <strong>E-Scooter<\/strong> hat auch mit einer Steigung keine M\u00fche und verf\u00fcgt \u00fcber eine Reichweite von bis zu 90km.<\/p>\n<p>Die 25-km\/h-Variante des E-Rollers darf auch mit Kat. M gefahren werden.<\/p>\n<\/div>\n<p>&nbsp;<\/p>\n<div class=\"o-layout__item u-1\/2@tablet\">\n<p>24 Monate Garantie auf alle Neufahrzeuge<\/p>\n<p>Farben: Schwarz Matt<\/p>\n<\/div>\n<\/div>\n<\/div>\n<\/div>\n<p>Der eRoller wird je nach Auswahl zu 95% oder komplett montiert, gepr\u00fcft und fahrbereit ausgeliefert.<\/p>\n<div class=\"o-layout\">\n<div class=\"o-layout__item u-1\/2@tablet\">\n<div class=\"o-layout\">\n<div class=\"o-layout__item u-1\/2@tablet\">\n<h3 class=\"s-font-size--hl-xs\">Motor<\/h3>\n<\/div>\n<div class=\"o-layout__item u-1\/2@tablet\">\n<ul>\n<li>Leistung 500 Watt<\/li>\n<li>Maximale Geschwindigkeit 20 &#8211; 25 km\/h<\/li>\n<li>Mit Fahrausweis Kat. A1 45 km\/h<\/li>\n<\/ul>\n<\/div>\n<\/div>\n<hr \/>\n<div class=\"o-layout\">\n<div class=\"o-layout__item u-1\/2@tablet\">\n<h3 class=\"s-font-size--hl-xs\">Akku<\/h3>\n<\/div>\n<div class=\"o-layout__item u-1\/2@tablet\">\n<ul>\n<li>LiFePo4 Akku<\/li>\n<li>48V\/30Ah Akku<\/li>\n<li>entnehmbar<\/li>\n<li>Reichweite bis zu 100 Kilometer<\/li>\n<\/ul>\n<\/div>\n<\/div>\n<hr \/>\n<div class=\"o-layout\">\n<div class=\"o-layout__item u-1\/2@tablet\">\n<h3 class=\"s-font-size--hl-xs\">Ausstattungsmerkmale<\/h3>\n<\/div>\n<div class=\"o-layout__item u-1\/2@tablet\">\n<ul>\n<li>inkl. TOPCASE<\/li>\n<li>Batteriestatusanzeige (in %)<\/li>\n<li>LED-Frontlicht und Heck-LED, Standlicht, Blinkeranlage<\/li>\n<li>Digital CarPlay Display mit Navigationssystem<\/li>\n<li>Charger (Schnell-Ladeger\u00e4t)<\/li>\n<li>Bluetooth &#8211; Lautsprecher mit Lautst\u00e4rkeregler und Rufannahme<\/li>\n<li>Alarmanlage &amp; Wegfahrsperre<\/li>\n<\/ul>\n<\/div>\n<\/div>\n<\/div>\n<\/div>\n<hr \/>\n<div class=\"o-layout\">\n<h3 class=\"o-layout__item u-1\/2@tablet\"><strong>Sicherheit und Komfort<\/strong><\/h3>\n<div class=\"o-layout__item u-1\/2@tablet\">\n<div class=\"o-layout\">\n<div class=\"o-layout__item u-1\/2@tablet\">\n<ul>\n<li>Scheibenbremse vorne<\/li>\n<li>Trommelbremse hinten<\/li>\n<li>Komfort Reifen<\/li>\n<\/ul>\n<\/div>\n<\/div>\n<hr \/>\n<div class=\"o-layout\">\n<div class=\"o-layout__item u-1\/2@tablet\">\n<h3 class=\"s-font-size--hl-xs\">Masse<\/h3>\n<\/div>\n<div class=\"o-layout__item u-1\/2@tablet\">\n<ul>\n<li>L\u00e4nge 1710 mm<\/li>\n<li>Breite\u00a0 655mm<\/li>\n<li>H\u00f6he 1130 mm<\/li>\n<\/ul>\n<\/div>\n<\/div>\n<hr \/>\n<div class=\"o-layout\">\n<div class=\"o-layout__item u-1\/2@tablet\">\n<h3 class=\"s-font-size--hl-xs\">Gewicht<\/h3>\n<\/div>\n<div class=\"o-layout__item u-1\/2@tablet\">\n<ul>\n<li>Leergewicht inkl. Akku 75 kg<\/li>\n<li>max. Zuladung:\u00a0 169 kg<\/li>\n<\/ul>\n<\/div>\n<p>&nbsp;<\/p>\n<\/div>\n<\/div>\n<\/div>\n","protected":false},"excerpt":{"rendered":"<p><a href=\"https:\/\/www.silent-ride.ch\/wordpress\/escooter-finanzieren-eroller\/\"><img loading=\"lazy\" class=\"alignnone wp-image-6952\" src=\"https:\/\/www.silent-ride.ch\/wordpress\/wp-content\/uploads\/2023\/12\/esc\u202booter_eroller_Ratenkauf_ratenzahlung_silent-ride.ch_-360x227.png\" alt=\"\" width=\"84\" height=\"53\" srcset=\"https:\/\/www.silent-ride.ch\/wordpress\/wp-content\/uploads\/2023\/12\/esc\u202booter_eroller_Ratenkauf_ratenzahlung_silent-ride.ch_-360x227.png 360w, https:\/\/www.silent-ride.ch\/wordpress\/wp-content\/uploads\/2023\/12\/esc\u202booter_eroller_Ratenkauf_ratenzahlung_silent-ride.ch_-127x80.png 127w, https:\/\/www.silent-ride.ch\/wordpress\/wp-content\/uploads\/2023\/12\/esc\u202booter_eroller_Ratenkauf_ratenzahlung_silent-ride.ch_.png 383w\" sizes=\"(max-width: 84px) 100vw, 84px\" \/><\/a><img loading=\"lazy\" class=\"alignnone wp-image-7795 \" src=\"https:\/\/www.silent-ride.ch\/wordpress\/wp-content\/uploads\/2020\/04\/HeyLight.jpg\" alt=\"\" width=\"136\" height=\"53\" \/><\/p>\n<p>bis 10 Monatsraten m\u00f6glich<\/p>\n<p><a href=\"https:\/\/www.heidipay.com\/de-ch\/shopper\/\">Finanzierung mit HeyLight<\/a><\/p>\n","protected":false},"featured_media":7835,"comment_status":"open","ping_status":"closed","template":"","meta":{"_joinchat":[]},"product_cat":[184],"product_tag":[378,400,376,401,402,200,380,286,283,288,301,302,198,379,403,377],"yoast_head":"<!-- This site is optimized with the Yoast SEO plugin v19.0 - https:\/\/yoast.com\/wordpress\/plugins\/seo\/ -->\n<title>E-Roller City GO RS X3 30 Ah CarPlay | CHF 2490 | 25 - 45 km\/h eRoller City Go RS X3<\/title>\n<meta name=\"description\" content=\"E-Scooter City GO RS bis zu 90km Reichweite, Bluetooth, Tuning. Kein Kontrollschild n\u00f6tig. City RS eScooter - ab 16 ohne Fahrausweis fahrbar.\" \/>\n<meta name=\"robots\" content=\"index, follow, max-snippet:-1, max-image-preview:large, max-video-preview:-1\" \/>\n<link rel=\"canonical\" href=\"https:\/\/www.silent-ride.ch\/wordpress\/produkt\/city-go-rs-x3\/\" \/>\n<meta property=\"og:locale\" content=\"de_DE\" \/>\n<meta property=\"og:type\" content=\"article\" \/>\n<meta property=\"og:title\" content=\"E-Roller City GO RS X3 30 Ah CarPlay | CHF 2490 | 25 - 45 km\/h eRoller City Go RS X3\" \/>\n<meta property=\"og:description\" content=\"E-Scooter City GO RS bis zu 90km Reichweite, Bluetooth, Tuning. Kein Kontrollschild n\u00f6tig. City RS eScooter - ab 16 ohne Fahrausweis fahrbar.\" \/>\n<meta property=\"og:url\" content=\"https:\/\/www.silent-ride.ch\/wordpress\/produkt\/city-go-rs-x3\/\" \/>\n<meta property=\"og:site_name\" content=\"E-Scooter &amp; E-Roller Shop | Elektroroller Service\" \/>\n<meta property=\"article:modified_time\" content=\"2026-04-20T11:33:50+00:00\" \/>\n<meta property=\"og:image\" content=\"https:\/\/www.silent-ride.ch\/wordpress\/wp-content\/uploads\/2021\/11\/silent-ride.ch-eRoller-E-Scooter-City-GO-RS-X2.jpg\" \/>\n\t<meta property=\"og:image:width\" content=\"1152\" \/>\n\t<meta property=\"og:image:height\" content=\"1012\" \/>\n\t<meta property=\"og:image:type\" content=\"image\/jpeg\" \/>\n<meta name=\"twitter:card\" content=\"summary_large_image\" \/>\n<meta name=\"twitter:site\" content=\"@Silent_Ride_ch\" \/>\n<meta name=\"twitter:label1\" content=\"Gesch\u00e4tzte Lesezeit\" \/>\n\t<meta name=\"twitter:data1\" content=\"3\u00a0Minuten\" \/>\n<script type=\"application\/ld+json\" class=\"yoast-schema-graph\">{\"@context\":\"https:\/\/schema.org\",\"@graph\":[{\"@type\":\"Organization\",\"@id\":\"https:\/\/www.silent-ride.ch\/wordpress\/#organization\",\"name\":\"silent-ride.ch\",\"url\":\"https:\/\/www.silent-ride.ch\/wordpress\/\",\"sameAs\":[\"https:\/\/www.instagram.com\/silent_ride.ch\/\",\"https:\/\/twitter.com\/Silent_Ride_ch\"],\"logo\":{\"@type\":\"ImageObject\",\"inLanguage\":\"de\",\"@id\":\"https:\/\/www.silent-ride.ch\/wordpress\/#\/schema\/logo\/image\/\",\"url\":\"https:\/\/www.silent-ride.ch\/wordpress\/wp-content\/uploads\/2020\/04\/Quadrat-Logo-799x799-1-e1586244956863.jpg\",\"contentUrl\":\"https:\/\/www.silent-ride.ch\/wordpress\/wp-content\/uploads\/2020\/04\/Quadrat-Logo-799x799-1-e1586244956863.jpg\",\"width\":329,\"height\":317,\"caption\":\"silent-ride.ch\"},\"image\":{\"@id\":\"https:\/\/www.silent-ride.ch\/wordpress\/#\/schema\/logo\/image\/\"}},{\"@type\":\"WebSite\",\"@id\":\"https:\/\/www.silent-ride.ch\/wordpress\/#website\",\"url\":\"https:\/\/www.silent-ride.ch\/wordpress\/\",\"name\":\"E-Scooter &amp; E-Roller Shop | Elektroroller Service\",\"description\":\"eRoller und eScooter kaufen oder mieten\",\"publisher\":{\"@id\":\"https:\/\/www.silent-ride.ch\/wordpress\/#organization\"},\"potentialAction\":[{\"@type\":\"SearchAction\",\"target\":{\"@type\":\"EntryPoint\",\"urlTemplate\":\"https:\/\/www.silent-ride.ch\/wordpress\/?s={search_term_string}\"},\"query-input\":\"required name=search_term_string\"}],\"inLanguage\":\"de\"},{\"@type\":\"ImageObject\",\"inLanguage\":\"de\",\"@id\":\"https:\/\/www.silent-ride.ch\/wordpress\/produkt\/city-go-rs-x3\/#primaryimage\",\"url\":\"https:\/\/www.silent-ride.ch\/wordpress\/wp-content\/uploads\/2021\/11\/silent-ride.ch-eRoller-E-Scooter-City-GO-RS-X2.jpg\",\"contentUrl\":\"https:\/\/www.silent-ride.ch\/wordpress\/wp-content\/uploads\/2021\/11\/silent-ride.ch-eRoller-E-Scooter-City-GO-RS-X2.jpg\",\"width\":1152,\"height\":1012},{\"@type\":\"WebPage\",\"@id\":\"https:\/\/www.silent-ride.ch\/wordpress\/produkt\/city-go-rs-x3\/#webpage\",\"url\":\"https:\/\/www.silent-ride.ch\/wordpress\/produkt\/city-go-rs-x3\/\",\"name\":\"E-Roller City GO RS X3 30 Ah CarPlay | CHF 2490 | 25 - 45 km\/h eRoller City Go RS X3\",\"isPartOf\":{\"@id\":\"https:\/\/www.silent-ride.ch\/wordpress\/#website\"},\"primaryImageOfPage\":{\"@id\":\"https:\/\/www.silent-ride.ch\/wordpress\/produkt\/city-go-rs-x3\/#primaryimage\"},\"datePublished\":\"2021-11-04T16:54:13+00:00\",\"dateModified\":\"2026-04-20T11:33:50+00:00\",\"description\":\"E-Scooter City GO RS bis zu 90km Reichweite, Bluetooth, Tuning. Kein Kontrollschild n\u00f6tig. City RS eScooter - ab 16 ohne Fahrausweis fahrbar.\",\"breadcrumb\":{\"@id\":\"https:\/\/www.silent-ride.ch\/wordpress\/produkt\/city-go-rs-x3\/#breadcrumb\"},\"inLanguage\":\"de\",\"potentialAction\":[{\"@type\":\"ReadAction\",\"target\":[\"https:\/\/www.silent-ride.ch\/wordpress\/produkt\/city-go-rs-x3\/\"]}]},{\"@type\":\"BreadcrumbList\",\"@id\":\"https:\/\/www.silent-ride.ch\/wordpress\/produkt\/city-go-rs-x3\/#breadcrumb\",\"itemListElement\":[{\"@type\":\"ListItem\",\"position\":1,\"name\":\"Startseite\",\"item\":\"https:\/\/www.silent-ride.ch\/wordpress\/\"},{\"@type\":\"ListItem\",\"position\":2,\"name\":\"E-Roller Shop\",\"item\":\"https:\/\/www.silent-ride.ch\/wordpress\/e-scooter-shop\/\"},{\"@type\":\"ListItem\",\"position\":3,\"name\":\"E-Roller City GO RS X3 30 Ah CarPlay\"}]}]}<\/script>\n<!-- \/ Yoast SEO plugin. -->","yoast_head_json":{"title":"E-Roller City GO RS X3 30 Ah CarPlay | CHF 2490 | 25 - 45 km\/h eRoller City Go RS X3","description":"E-Scooter City GO RS bis zu 90km Reichweite, Bluetooth, Tuning. Kein Kontrollschild n\u00f6tig. City RS eScooter - ab 16 ohne Fahrausweis fahrbar.","robots":{"index":"index","follow":"follow","max-snippet":"max-snippet:-1","max-image-preview":"max-image-preview:large","max-video-preview":"max-video-preview:-1"},"canonical":"https:\/\/www.silent-ride.ch\/wordpress\/produkt\/city-go-rs-x3\/","og_locale":"de_DE","og_type":"article","og_title":"E-Roller City GO RS X3 30 Ah CarPlay | CHF 2490 | 25 - 45 km\/h eRoller City Go RS X3","og_description":"E-Scooter City GO RS bis zu 90km Reichweite, Bluetooth, Tuning. Kein Kontrollschild n\u00f6tig. City RS eScooter - ab 16 ohne Fahrausweis fahrbar.","og_url":"https:\/\/www.silent-ride.ch\/wordpress\/produkt\/city-go-rs-x3\/","og_site_name":"E-Scooter &amp; E-Roller Shop | Elektroroller Service","article_modified_time":"2026-04-20T11:33:50+00:00","og_image":[{"width":1152,"height":1012,"url":"https:\/\/www.silent-ride.ch\/wordpress\/wp-content\/uploads\/2021\/11\/silent-ride.ch-eRoller-E-Scooter-City-GO-RS-X2.jpg","type":"image\/jpeg"}],"twitter_card":"summary_large_image","twitter_site":"@Silent_Ride_ch","twitter_misc":{"Gesch\u00e4tzte Lesezeit":"3\u00a0Minuten"},"schema":{"@context":"https:\/\/schema.org","@graph":[{"@type":"Organization","@id":"https:\/\/www.silent-ride.ch\/wordpress\/#organization","name":"silent-ride.ch","url":"https:\/\/www.silent-ride.ch\/wordpress\/","sameAs":["https:\/\/www.instagram.com\/silent_ride.ch\/","https:\/\/twitter.com\/Silent_Ride_ch"],"logo":{"@type":"ImageObject","inLanguage":"de","@id":"https:\/\/www.silent-ride.ch\/wordpress\/#\/schema\/logo\/image\/","url":"https:\/\/www.silent-ride.ch\/wordpress\/wp-content\/uploads\/2020\/04\/Quadrat-Logo-799x799-1-e1586244956863.jpg","contentUrl":"https:\/\/www.silent-ride.ch\/wordpress\/wp-content\/uploads\/2020\/04\/Quadrat-Logo-799x799-1-e1586244956863.jpg","width":329,"height":317,"caption":"silent-ride.ch"},"image":{"@id":"https:\/\/www.silent-ride.ch\/wordpress\/#\/schema\/logo\/image\/"}},{"@type":"WebSite","@id":"https:\/\/www.silent-ride.ch\/wordpress\/#website","url":"https:\/\/www.silent-ride.ch\/wordpress\/","name":"E-Scooter &amp; E-Roller Shop | Elektroroller Service","description":"eRoller und eScooter kaufen oder mieten","publisher":{"@id":"https:\/\/www.silent-ride.ch\/wordpress\/#organization"},"potentialAction":[{"@type":"SearchAction","target":{"@type":"EntryPoint","urlTemplate":"https:\/\/www.silent-ride.ch\/wordpress\/?s={search_term_string}"},"query-input":"required name=search_term_string"}],"inLanguage":"de"},{"@type":"ImageObject","inLanguage":"de","@id":"https:\/\/www.silent-ride.ch\/wordpress\/produkt\/city-go-rs-x3\/#primaryimage","url":"https:\/\/www.silent-ride.ch\/wordpress\/wp-content\/uploads\/2021\/11\/silent-ride.ch-eRoller-E-Scooter-City-GO-RS-X2.jpg","contentUrl":"https:\/\/www.silent-ride.ch\/wordpress\/wp-content\/uploads\/2021\/11\/silent-ride.ch-eRoller-E-Scooter-City-GO-RS-X2.jpg","width":1152,"height":1012},{"@type":"WebPage","@id":"https:\/\/www.silent-ride.ch\/wordpress\/produkt\/city-go-rs-x3\/#webpage","url":"https:\/\/www.silent-ride.ch\/wordpress\/produkt\/city-go-rs-x3\/","name":"E-Roller City GO RS X3 30 Ah CarPlay | CHF 2490 | 25 - 45 km\/h eRoller City Go RS X3","isPartOf":{"@id":"https:\/\/www.silent-ride.ch\/wordpress\/#website"},"primaryImageOfPage":{"@id":"https:\/\/www.silent-ride.ch\/wordpress\/produkt\/city-go-rs-x3\/#primaryimage"},"datePublished":"2021-11-04T16:54:13+00:00","dateModified":"2026-04-20T11:33:50+00:00","description":"E-Scooter City GO RS bis zu 90km Reichweite, Bluetooth, Tuning. Kein Kontrollschild n\u00f6tig. City RS eScooter - ab 16 ohne Fahrausweis fahrbar.","breadcrumb":{"@id":"https:\/\/www.silent-ride.ch\/wordpress\/produkt\/city-go-rs-x3\/#breadcrumb"},"inLanguage":"de","potentialAction":[{"@type":"ReadAction","target":["https:\/\/www.silent-ride.ch\/wordpress\/produkt\/city-go-rs-x3\/"]}]},{"@type":"BreadcrumbList","@id":"https:\/\/www.silent-ride.ch\/wordpress\/produkt\/city-go-rs-x3\/#breadcrumb","itemListElement":[{"@type":"ListItem","position":1,"name":"Startseite","item":"https:\/\/www.silent-ride.ch\/wordpress\/"},{"@type":"ListItem","position":2,"name":"E-Roller Shop","item":"https:\/\/www.silent-ride.ch\/wordpress\/e-scooter-shop\/"},{"@type":"ListItem","position":3,"name":"E-Roller City GO RS X3 30 Ah CarPlay"}]}]}},"_links":{"self":[{"href":"https:\/\/www.silent-ride.ch\/wordpress\/wp-json\/wp\/v2\/product\/4896"}],"collection":[{"href":"https:\/\/www.silent-ride.ch\/wordpress\/wp-json\/wp\/v2\/product"}],"about":[{"href":"https:\/\/www.silent-ride.ch\/wordpress\/wp-json\/wp\/v2\/types\/product"}],"replies":[{"embeddable":true,"href":"https:\/\/www.silent-ride.ch\/wordpress\/wp-json\/wp\/v2\/comments?post=4896"}],"version-history":[{"count":62,"href":"https:\/\/www.silent-ride.ch\/wordpress\/wp-json\/wp\/v2\/product\/4896\/revisions"}],"predecessor-version":[{"id":9006,"href":"https:\/\/www.silent-ride.ch\/wordpress\/wp-json\/wp\/v2\/product\/4896\/revisions\/9006"}],"wp:featuredmedia":[{"embeddable":true,"href":"https:\/\/www.silent-ride.ch\/wordpress\/wp-json\/wp\/v2\/media\/7835"}],"wp:attachment":[{"href":"https:\/\/www.silent-ride.ch\/wordpress\/wp-json\/wp\/v2\/media?parent=4896"}],"wp:term":[{"taxonomy":"product_cat","embeddable":true,"href":"https:\/\/www.silent-ride.ch\/wordpress\/wp-json\/wp\/v2\/product_cat?post=4896"},{"taxonomy":"product_tag","embeddable":true,"href":"https:\/\/www.silent-ride.ch\/wordpress\/wp-json\/wp\/v2\/product_tag?post=4896"}],"curies":[{"name":"wp","href":"https:\/\/api.w.org\/{rel}","templated":true}]}}