{"id":3057,"date":"2020-06-01T23:21:00","date_gmt":"2020-06-01T21:21:00","guid":{"rendered":"https:\/\/www.silent-ride.ch\/?page_id=3057"},"modified":"2025-11-12T16:53:17","modified_gmt":"2025-11-12T15:53:17","slug":"miete","status":"publish","type":"page","link":"https:\/\/www.silent-ride.ch\/wordpress\/miete\/","title":{"rendered":"Miete"},"content":{"rendered":"\t\t<div data-elementor-type=\"wp-page\" data-elementor-id=\"3057\" class=\"elementor elementor-3057\" data-elementor-settings=\"[]\">\n\t\t\t\t\t\t<div class=\"elementor-inner\">\n\t\t\t\t\t\t\t<div class=\"elementor-section-wrap\">\n\t\t\t\t\t\t\t<section class=\"elementor-section elementor-top-section elementor-element elementor-element-1d0c8dc elementor-section-full_width elementor-section-height-default elementor-section-height-default\" data-id=\"1d0c8dc\" data-element_type=\"section\">\n\t\t\t\t\t\t<div class=\"elementor-container elementor-column-gap-default\">\n\t\t\t\t\t\t\t<div class=\"elementor-row\">\n\t\t\t\t\t<div class=\"elementor-column elementor-col-100 elementor-top-column elementor-element elementor-element-0415339\" data-id=\"0415339\" data-element_type=\"column\">\n\t\t\t<div class=\"elementor-column-wrap elementor-element-populated\">\n\t\t\t\t\t\t\t<div class=\"elementor-widget-wrap\">\n\t\t\t\t\t\t<div class=\"elementor-element elementor-element-2be1ab0 elementor-widget elementor-widget-heading\" data-id=\"2be1ab0\" data-element_type=\"widget\" data-widget_type=\"heading.default\">\n\t\t\t\t<div class=\"elementor-widget-container\">\n\t\t\t<h2 class=\"elementor-heading-title elementor-size-small\"><a href=\"https:\/\/www.silent-ride.ch\/wordpress\/catalog\/\">E-Roller und E-Scooter mieten<\/a><\/h2>\t\t<\/div>\n\t\t\t\t<\/div>\n\t\t\t\t\t\t<\/div>\n\t\t\t\t\t<\/div>\n\t\t<\/div>\n\t\t\t\t\t\t\t\t<\/div>\n\t\t\t\t\t<\/div>\n\t\t<\/section>\n\t\t\t\t<section class=\"elementor-section elementor-top-section elementor-element elementor-element-5c83afe elementor-section-boxed elementor-section-height-default elementor-section-height-default\" data-id=\"5c83afe\" data-element_type=\"section\">\n\t\t\t\t\t\t<div class=\"elementor-container elementor-column-gap-default\">\n\t\t\t\t\t\t\t<div class=\"elementor-row\">\n\t\t\t\t\t<div class=\"elementor-column elementor-col-50 elementor-top-column elementor-element elementor-element-3705083\" data-id=\"3705083\" data-element_type=\"column\">\n\t\t\t<div class=\"elementor-column-wrap elementor-element-populated\">\n\t\t\t\t\t\t\t<div class=\"elementor-widget-wrap\">\n\t\t\t\t\t\t<div class=\"elementor-element elementor-element-9e9ffb9 elementor-widget elementor-widget-image\" data-id=\"9e9ffb9\" data-element_type=\"widget\" data-widget_type=\"image.default\">\n\t\t\t\t<div class=\"elementor-widget-container\">\n\t\t\t\t\t\t\t\t<div class=\"elementor-image\">\n\t\t\t\t\t\t\t\t\t\t\t\t\t<a href=\"https:\/\/www.silent-ride.ch\/wordpress\/catalog\/\">\n\t\t\t\t\t\t\t<img width=\"959\" height=\"819\" src=\"data:image\/gif;base64,R0lGODlhAQABAAD\/ACwAAAAAAQABAAACADs%3D\" data-src=\"https:\/\/www.silent-ride.ch\/wordpress\/wp-content\/uploads\/2020\/04\/eScooter-FALCON-20-25kmh-500Watt-Kat.-M-ab-16-ohne-Ausweis.jpg\" class=\"lazyload attachment-large size-large\" alt=\"\" loading=\"lazy\" data-srcset=\"https:\/\/www.silent-ride.ch\/wordpress\/wp-content\/uploads\/2020\/04\/eScooter-FALCON-20-25kmh-500Watt-Kat.-M-ab-16-ohne-Ausweis.jpg 959w, https:\/\/www.silent-ride.ch\/wordpress\/wp-content\/uploads\/2020\/04\/eScooter-FALCON-20-25kmh-500Watt-Kat.-M-ab-16-ohne-Ausweis-360x307.jpg 360w, https:\/\/www.silent-ride.ch\/wordpress\/wp-content\/uploads\/2020\/04\/eScooter-FALCON-20-25kmh-500Watt-Kat.-M-ab-16-ohne-Ausweis-840x717.jpg 840w, https:\/\/www.silent-ride.ch\/wordpress\/wp-content\/uploads\/2020\/04\/eScooter-FALCON-20-25kmh-500Watt-Kat.-M-ab-16-ohne-Ausweis-94x80.jpg 94w\" data-sizes=\"(max-width: 959px) 100vw, 959px\" \/>\t\t\t\t\t\t\t\t<\/a>\n\t\t\t\t\t\t\t\t\t\t\t\t\t\t<\/div>\n\t\t\t\t\t\t<\/div>\n\t\t\t\t<\/div>\n\t\t\t\t\t\t<\/div>\n\t\t\t\t\t<\/div>\n\t\t<\/div>\n\t\t\t\t<div class=\"elementor-column elementor-col-50 elementor-top-column elementor-element elementor-element-5e81fc6\" data-id=\"5e81fc6\" data-element_type=\"column\">\n\t\t\t<div class=\"elementor-column-wrap elementor-element-populated\">\n\t\t\t\t\t\t\t<div class=\"elementor-widget-wrap\">\n\t\t\t\t\t\t<div class=\"elementor-element elementor-element-e959339 elementor-widget elementor-widget-image\" data-id=\"e959339\" data-element_type=\"widget\" data-widget_type=\"image.default\">\n\t\t\t\t<div class=\"elementor-widget-container\">\n\t\t\t\t\t\t\t\t<div class=\"elementor-image\">\n\t\t\t\t\t\t\t\t\t\t\t\t\t<a href=\"https:\/\/www.silent-ride.ch\/wordpress\/catalog\/\">\n\t\t\t\t\t\t\t<img width=\"608\" height=\"608\" src=\"data:image\/gif;base64,R0lGODlhAQABAAD\/ACwAAAAAAQABAAACADs%3D\" data-src=\"https:\/\/www.silent-ride.ch\/wordpress\/wp-content\/uploads\/2024\/05\/E-Scooter_X1_E-Roller_25km-34-km-h-Kopie.jpg\" class=\"lazyload attachment-large size-large\" alt=\"\" loading=\"lazy\" data-srcset=\"https:\/\/www.silent-ride.ch\/wordpress\/wp-content\/uploads\/2024\/05\/E-Scooter_X1_E-Roller_25km-34-km-h-Kopie.jpg 608w, https:\/\/www.silent-ride.ch\/wordpress\/wp-content\/uploads\/2024\/05\/E-Scooter_X1_E-Roller_25km-34-km-h-Kopie-360x360.jpg 360w, https:\/\/www.silent-ride.ch\/wordpress\/wp-content\/uploads\/2024\/05\/E-Scooter_X1_E-Roller_25km-34-km-h-Kopie-80x80.jpg 80w, https:\/\/www.silent-ride.ch\/wordpress\/wp-content\/uploads\/2024\/05\/E-Scooter_X1_E-Roller_25km-34-km-h-Kopie-160x160.jpg 160w\" data-sizes=\"(max-width: 608px) 100vw, 608px\" \/>\t\t\t\t\t\t\t\t<\/a>\n\t\t\t\t\t\t\t\t\t\t\t\t\t\t<\/div>\n\t\t\t\t\t\t<\/div>\n\t\t\t\t<\/div>\n\t\t\t\t\t\t<\/div>\n\t\t\t\t\t<\/div>\n\t\t<\/div>\n\t\t\t\t\t\t\t\t<\/div>\n\t\t\t\t\t<\/div>\n\t\t<\/section>\n\t\t\t\t<section class=\"elementor-section elementor-top-section elementor-element elementor-element-aaaa561 elementor-section-boxed elementor-section-height-default elementor-section-height-default\" data-id=\"aaaa561\" data-element_type=\"section\">\n\t\t\t\t\t\t<div class=\"elementor-container elementor-column-gap-default\">\n\t\t\t\t\t\t\t<div class=\"elementor-row\">\n\t\t\t\t\t<div class=\"elementor-column elementor-col-100 elementor-top-column elementor-element elementor-element-2f15e95\" data-id=\"2f15e95\" data-element_type=\"column\">\n\t\t\t<div class=\"elementor-column-wrap elementor-element-populated\">\n\t\t\t\t\t\t\t<div class=\"elementor-widget-wrap\">\n\t\t\t\t\t\t<div class=\"elementor-element elementor-element-111dc3b elementor-button-success elementor-align-center elementor-widget elementor-widget-button\" data-id=\"111dc3b\" data-element_type=\"widget\" data-widget_type=\"button.default\">\n\t\t\t\t<div class=\"elementor-widget-container\">\n\t\t\t\t\t<div class=\"elementor-button-wrapper\">\n\t\t\t<a href=\"https:\/\/www.silent-ride.ch\/wordpress\/catalog\/\" class=\"elementor-button-link elementor-button elementor-size-xl\" role=\"button\">\n\t\t\t\t\t\t<span class=\"elementor-button-content-wrapper\">\n\t\t\t\t\t\t<span class=\"elementor-button-text\">eRoller und eScooter Anfrage hier klicken<\/span>\n\t\t<\/span>\n\t\t\t\t\t<\/a>\n\t\t<\/div>\n\t\t\t\t<\/div>\n\t\t\t\t<\/div>\n\t\t\t\t\t\t<\/div>\n\t\t\t\t\t<\/div>\n\t\t<\/div>\n\t\t\t\t\t\t\t\t<\/div>\n\t\t\t\t\t<\/div>\n\t\t<\/section>\n\t\t\t\t<section class=\"elementor-section elementor-top-section elementor-element elementor-element-c6c4aad elementor-section-full_width elementor-section-height-min-height elementor-section-height-default elementor-section-items-middle\" data-id=\"c6c4aad\" data-element_type=\"section\">\n\t\t\t\t\t\t<div class=\"elementor-container elementor-column-gap-no\">\n\t\t\t\t\t\t\t<div class=\"elementor-row\">\n\t\t\t\t\t<div class=\"elementor-column elementor-col-100 elementor-top-column elementor-element elementor-element-1a1c9d9\" data-id=\"1a1c9d9\" data-element_type=\"column\">\n\t\t\t<div class=\"elementor-column-wrap elementor-element-populated\">\n\t\t\t\t\t\t\t<div class=\"elementor-widget-wrap\">\n\t\t\t\t\t\t<div class=\"elementor-element elementor-element-b23c26d elementor-widget elementor-widget-text-editor\" data-id=\"b23c26d\" data-element_type=\"widget\" data-widget_type=\"text-editor.default\">\n\t\t\t\t<div class=\"elementor-widget-container\">\n\t\t\t\t\t\t\t\t<div class=\"elementor-text-editor elementor-clearfix\">\n\t\t\t\t<h1 style=\"text-align: center;\"><strong>Mietbedingungen f\u00fcr Elektroroller<\/strong><\/h1><p style=\"text-align: center;\"><span style=\"color: #000000;\">Bei Miete E-Scooter X1 oder E-Roller Falcon ist eine Privathaftpflicht-Versicherung obligatorisch.<\/span><\/p><p style=\"text-align: center;\"><span style=\"color: #000000;\">Das Depot \/ die Kaution (CHF 500.-) und der vereinbarte Mietpreis sind im Voraus zu bezahlen.\u00a0<\/span><\/p><p style=\"text-align: center;\"><span style=\"color: #000000;\">Das Depot kann in Bar, mit einer Debitkarte\u00a0 oder Kreditkarte hinterlegt werden und wird direkt nach der R\u00fcckgabe r\u00fcckerstattet.<\/span><\/p><p style=\"text-align: center;\"><span style=\"color: #000000;\"><span style=\"display: inline !important; float: none; background-color: #ffffff; font-family: 'Lato', sans-serif; font-size: 16px; font-style: normal; font-variant: normal; font-weight: 400; letter-spacing: normal; text-align: left; text-decoration: none; text-indent: 0px; text-transform: none; -webkit-text-stroke-width: 0px; white-space: normal; word-spacing: 0px;\">Die Mindestmietdauer betr\u00e4gt 30 Tage.<\/span><b><\/b><i><\/i><u><\/u><\/span><\/p><p style=\"text-align: center;\"><span style=\"color: #000000;\">F\u00fcr eScooter X1 und eRoller Falcon wird ab 14 Jahre ein Fahrausweis der Kategorie M ben\u00f6tigt. Ab 16 Jahre ist kein F\u00fchrerausweis erforderlich.<\/span><\/p><p style=\"text-align: center;\"><span style=\"color: #000000;\">Abholung und R\u00fcckgabe w\u00e4hrend der \u00d6ffnungszeiten oder nach Vereinbarung<\/span><\/p><p style=\"text-align: center;\"><span style=\"color: #000000;\">Der Mietpreis betr\u00e4gt ab 11 CHF\/Tag bei einer Mietdauer von 2 Monaten. Weitere Preise werden auf Anfrage mitgeteilt. (Verf\u00fcgbarkeit bitte per eMail anfragen)<\/span><\/p><p style=\"text-align: center;\"><span style=\"text-align: left; color: #000000; text-transform: none; text-indent: 0px; letter-spacing: normal; font-family: 'Lato', sans-serif; font-size: 16px; font-style: normal; font-variant: normal; font-weight: 400; text-decoration: none; word-spacing: 0px; display: inline !important; white-space: normal; float: none; -webkit-text-stroke-width: 0px; background-color: #ffffff;\">Die Batterie ist vor der R\u00fcckgabe m\u00f6glichst komplett zu laden<\/span><\/p><p style=\"text-align: center;\"><u><\/u><span style=\"text-align: left; color: #000000; text-transform: none; text-indent: 0px; letter-spacing: normal; font-family: 'Lato', sans-serif; font-size: 16px; font-style: normal; font-variant: normal; font-weight: 400; text-decoration: none; word-spacing: 0px; display: inline !important; white-space: normal; float: none; -webkit-text-stroke-width: 0px; background-color: #ffffff;\">Die Vertragsbedingungen im Mietvertrag gelten als verbindliche Vertragsgrundlage.<\/span><\/p>\t\t\t\t\t<\/div>\n\t\t\t\t\t\t<\/div>\n\t\t\t\t<\/div>\n\t\t\t\t\t\t<\/div>\n\t\t\t\t\t<\/div>\n\t\t<\/div>\n\t\t\t\t\t\t\t\t<\/div>\n\t\t\t\t\t<\/div>\n\t\t<\/section>\n\t\t\t\t\t\t<\/div>\n\t\t\t\t\t\t<\/div>\n\t\t\t\t\t<\/div>\n\t\t","protected":false},"excerpt":{"rendered":"<p>E-Roller und E-Scooter mieten eRoller und eScooter Anfrage hier klicken Mietbedingungen f\u00fcr Elektroroller Bei Miete&hellip;<\/p>\n","protected":false},"author":1,"featured_media":4025,"parent":0,"menu_order":0,"comment_status":"closed","ping_status":"closed","template":"elementor_header_footer","meta":{"_joinchat":[]},"yoast_head":"<!-- This site is optimized with the Yoast SEO plugin v19.0 - https:\/\/yoast.com\/wordpress\/plugins\/seo\/ -->\n<title>Miete - E-Mofa - E-Scooter - E-Roller<\/title>\n<meta name=\"description\" content=\"Miete E-Roller, E-Scooter X1 ohne Fahrausweis und geniesse den Tag auf besten E-Zweir\u00e4dern. Geeignet f\u00fcr alle ohne F\u00fchrerausweis oder Kat. A1\" \/>\n<meta name=\"robots\" content=\"index, follow, max-snippet:-1, max-image-preview:large, max-video-preview:-1\" \/>\n<link rel=\"canonical\" href=\"https:\/\/www.silent-ride.ch\/wordpress\/miete\/\" \/>\n<meta property=\"og:locale\" content=\"de_DE\" \/>\n<meta property=\"og:type\" content=\"article\" \/>\n<meta property=\"og:title\" content=\"Miete - E-Mofa - E-Scooter - E-Roller\" \/>\n<meta property=\"og:description\" content=\"Miete E-Roller, E-Scooter X1 ohne Fahrausweis und geniesse den Tag auf besten E-Zweir\u00e4dern. Geeignet f\u00fcr alle ohne F\u00fchrerausweis oder Kat. A1\" \/>\n<meta property=\"og:url\" content=\"https:\/\/www.silent-ride.ch\/wordpress\/miete\/\" \/>\n<meta property=\"og:site_name\" content=\"E-Scooter &amp; E-Roller Shop | Elektroroller Service\" \/>\n<meta property=\"article:modified_time\" content=\"2025-11-12T15:53:17+00:00\" \/>\n<meta property=\"og:image\" content=\"https:\/\/www.silent-ride.ch\/wordpress\/wp-content\/uploads\/2020\/07\/Kumpan-Ignite-54.jpg\" \/>\n\t<meta property=\"og:image:width\" content=\"839\" \/>\n\t<meta property=\"og:image:height\" content=\"841\" \/>\n\t<meta property=\"og:image:type\" content=\"image\/jpeg\" \/>\n<meta name=\"twitter:card\" content=\"summary_large_image\" \/>\n<meta name=\"twitter:site\" content=\"@Silent_Ride_ch\" \/>\n<meta name=\"twitter:label1\" content=\"Gesch\u00e4tzte Lesezeit\" \/>\n\t<meta name=\"twitter:data1\" content=\"2\u00a0Minuten\" \/>\n<script type=\"application\/ld+json\" class=\"yoast-schema-graph\">{\"@context\":\"https:\/\/schema.org\",\"@graph\":[{\"@type\":\"Organization\",\"@id\":\"https:\/\/www.silent-ride.ch\/wordpress\/#organization\",\"name\":\"silent-ride.ch\",\"url\":\"https:\/\/www.silent-ride.ch\/wordpress\/\",\"sameAs\":[\"https:\/\/www.instagram.com\/silent_ride.ch\/\",\"https:\/\/twitter.com\/Silent_Ride_ch\"],\"logo\":{\"@type\":\"ImageObject\",\"inLanguage\":\"de\",\"@id\":\"https:\/\/www.silent-ride.ch\/wordpress\/#\/schema\/logo\/image\/\",\"url\":\"https:\/\/www.silent-ride.ch\/wordpress\/wp-content\/uploads\/2020\/04\/Quadrat-Logo-799x799-1-e1586244956863.jpg\",\"contentUrl\":\"https:\/\/www.silent-ride.ch\/wordpress\/wp-content\/uploads\/2020\/04\/Quadrat-Logo-799x799-1-e1586244956863.jpg\",\"width\":329,\"height\":317,\"caption\":\"silent-ride.ch\"},\"image\":{\"@id\":\"https:\/\/www.silent-ride.ch\/wordpress\/#\/schema\/logo\/image\/\"}},{\"@type\":\"WebSite\",\"@id\":\"https:\/\/www.silent-ride.ch\/wordpress\/#website\",\"url\":\"https:\/\/www.silent-ride.ch\/wordpress\/\",\"name\":\"E-Scooter &amp; E-Roller Shop | Elektroroller Service\",\"description\":\"eRoller und eScooter kaufen oder mieten\",\"publisher\":{\"@id\":\"https:\/\/www.silent-ride.ch\/wordpress\/#organization\"},\"potentialAction\":[{\"@type\":\"SearchAction\",\"target\":{\"@type\":\"EntryPoint\",\"urlTemplate\":\"https:\/\/www.silent-ride.ch\/wordpress\/?s={search_term_string}\"},\"query-input\":\"required name=search_term_string\"}],\"inLanguage\":\"de\"},{\"@type\":\"ImageObject\",\"inLanguage\":\"de\",\"@id\":\"https:\/\/www.silent-ride.ch\/wordpress\/miete\/#primaryimage\",\"url\":\"https:\/\/www.silent-ride.ch\/wordpress\/wp-content\/uploads\/2020\/07\/Kumpan-Ignite-54.jpg\",\"contentUrl\":\"https:\/\/www.silent-ride.ch\/wordpress\/wp-content\/uploads\/2020\/07\/Kumpan-Ignite-54.jpg\",\"width\":839,\"height\":841},{\"@type\":\"WebPage\",\"@id\":\"https:\/\/www.silent-ride.ch\/wordpress\/miete\/#webpage\",\"url\":\"https:\/\/www.silent-ride.ch\/wordpress\/miete\/\",\"name\":\"Miete - E-Mofa - E-Scooter - E-Roller\",\"isPartOf\":{\"@id\":\"https:\/\/www.silent-ride.ch\/wordpress\/#website\"},\"primaryImageOfPage\":{\"@id\":\"https:\/\/www.silent-ride.ch\/wordpress\/miete\/#primaryimage\"},\"datePublished\":\"2020-06-01T21:21:00+00:00\",\"dateModified\":\"2025-11-12T15:53:17+00:00\",\"description\":\"Miete E-Roller, E-Scooter X1 ohne Fahrausweis und geniesse den Tag auf besten E-Zweir\u00e4dern. Geeignet f\u00fcr alle ohne F\u00fchrerausweis oder Kat. A1\",\"breadcrumb\":{\"@id\":\"https:\/\/www.silent-ride.ch\/wordpress\/miete\/#breadcrumb\"},\"inLanguage\":\"de\",\"potentialAction\":[{\"@type\":\"ReadAction\",\"target\":[\"https:\/\/www.silent-ride.ch\/wordpress\/miete\/\"]}]},{\"@type\":\"BreadcrumbList\",\"@id\":\"https:\/\/www.silent-ride.ch\/wordpress\/miete\/#breadcrumb\",\"itemListElement\":[{\"@type\":\"ListItem\",\"position\":1,\"name\":\"Startseite\",\"item\":\"https:\/\/www.silent-ride.ch\/wordpress\/\"},{\"@type\":\"ListItem\",\"position\":2,\"name\":\"Miete\"}]}]}<\/script>\n<!-- \/ Yoast SEO plugin. -->","yoast_head_json":{"title":"Miete - E-Mofa - E-Scooter - E-Roller","description":"Miete E-Roller, E-Scooter X1 ohne Fahrausweis und geniesse den Tag auf besten E-Zweir\u00e4dern. Geeignet f\u00fcr alle ohne F\u00fchrerausweis oder Kat. A1","robots":{"index":"index","follow":"follow","max-snippet":"max-snippet:-1","max-image-preview":"max-image-preview:large","max-video-preview":"max-video-preview:-1"},"canonical":"https:\/\/www.silent-ride.ch\/wordpress\/miete\/","og_locale":"de_DE","og_type":"article","og_title":"Miete - E-Mofa - E-Scooter - E-Roller","og_description":"Miete E-Roller, E-Scooter X1 ohne Fahrausweis und geniesse den Tag auf besten E-Zweir\u00e4dern. Geeignet f\u00fcr alle ohne F\u00fchrerausweis oder Kat. A1","og_url":"https:\/\/www.silent-ride.ch\/wordpress\/miete\/","og_site_name":"E-Scooter &amp; E-Roller Shop | Elektroroller Service","article_modified_time":"2025-11-12T15:53:17+00:00","og_image":[{"width":839,"height":841,"url":"https:\/\/www.silent-ride.ch\/wordpress\/wp-content\/uploads\/2020\/07\/Kumpan-Ignite-54.jpg","type":"image\/jpeg"}],"twitter_card":"summary_large_image","twitter_site":"@Silent_Ride_ch","twitter_misc":{"Gesch\u00e4tzte Lesezeit":"2\u00a0Minuten"},"schema":{"@context":"https:\/\/schema.org","@graph":[{"@type":"Organization","@id":"https:\/\/www.silent-ride.ch\/wordpress\/#organization","name":"silent-ride.ch","url":"https:\/\/www.silent-ride.ch\/wordpress\/","sameAs":["https:\/\/www.instagram.com\/silent_ride.ch\/","https:\/\/twitter.com\/Silent_Ride_ch"],"logo":{"@type":"ImageObject","inLanguage":"de","@id":"https:\/\/www.silent-ride.ch\/wordpress\/#\/schema\/logo\/image\/","url":"https:\/\/www.silent-ride.ch\/wordpress\/wp-content\/uploads\/2020\/04\/Quadrat-Logo-799x799-1-e1586244956863.jpg","contentUrl":"https:\/\/www.silent-ride.ch\/wordpress\/wp-content\/uploads\/2020\/04\/Quadrat-Logo-799x799-1-e1586244956863.jpg","width":329,"height":317,"caption":"silent-ride.ch"},"image":{"@id":"https:\/\/www.silent-ride.ch\/wordpress\/#\/schema\/logo\/image\/"}},{"@type":"WebSite","@id":"https:\/\/www.silent-ride.ch\/wordpress\/#website","url":"https:\/\/www.silent-ride.ch\/wordpress\/","name":"E-Scooter &amp; E-Roller Shop | Elektroroller Service","description":"eRoller und eScooter kaufen oder mieten","publisher":{"@id":"https:\/\/www.silent-ride.ch\/wordpress\/#organization"},"potentialAction":[{"@type":"SearchAction","target":{"@type":"EntryPoint","urlTemplate":"https:\/\/www.silent-ride.ch\/wordpress\/?s={search_term_string}"},"query-input":"required name=search_term_string"}],"inLanguage":"de"},{"@type":"ImageObject","inLanguage":"de","@id":"https:\/\/www.silent-ride.ch\/wordpress\/miete\/#primaryimage","url":"https:\/\/www.silent-ride.ch\/wordpress\/wp-content\/uploads\/2020\/07\/Kumpan-Ignite-54.jpg","contentUrl":"https:\/\/www.silent-ride.ch\/wordpress\/wp-content\/uploads\/2020\/07\/Kumpan-Ignite-54.jpg","width":839,"height":841},{"@type":"WebPage","@id":"https:\/\/www.silent-ride.ch\/wordpress\/miete\/#webpage","url":"https:\/\/www.silent-ride.ch\/wordpress\/miete\/","name":"Miete - E-Mofa - E-Scooter - E-Roller","isPartOf":{"@id":"https:\/\/www.silent-ride.ch\/wordpress\/#website"},"primaryImageOfPage":{"@id":"https:\/\/www.silent-ride.ch\/wordpress\/miete\/#primaryimage"},"datePublished":"2020-06-01T21:21:00+00:00","dateModified":"2025-11-12T15:53:17+00:00","description":"Miete E-Roller, E-Scooter X1 ohne Fahrausweis und geniesse den Tag auf besten E-Zweir\u00e4dern. Geeignet f\u00fcr alle ohne F\u00fchrerausweis oder Kat. A1","breadcrumb":{"@id":"https:\/\/www.silent-ride.ch\/wordpress\/miete\/#breadcrumb"},"inLanguage":"de","potentialAction":[{"@type":"ReadAction","target":["https:\/\/www.silent-ride.ch\/wordpress\/miete\/"]}]},{"@type":"BreadcrumbList","@id":"https:\/\/www.silent-ride.ch\/wordpress\/miete\/#breadcrumb","itemListElement":[{"@type":"ListItem","position":1,"name":"Startseite","item":"https:\/\/www.silent-ride.ch\/wordpress\/"},{"@type":"ListItem","position":2,"name":"Miete"}]}]}},"_links":{"self":[{"href":"https:\/\/www.silent-ride.ch\/wordpress\/wp-json\/wp\/v2\/pages\/3057"}],"collection":[{"href":"https:\/\/www.silent-ride.ch\/wordpress\/wp-json\/wp\/v2\/pages"}],"about":[{"href":"https:\/\/www.silent-ride.ch\/wordpress\/wp-json\/wp\/v2\/types\/page"}],"author":[{"embeddable":true,"href":"https:\/\/www.silent-ride.ch\/wordpress\/wp-json\/wp\/v2\/users\/1"}],"replies":[{"embeddable":true,"href":"https:\/\/www.silent-ride.ch\/wordpress\/wp-json\/wp\/v2\/comments?post=3057"}],"version-history":[{"count":228,"href":"https:\/\/www.silent-ride.ch\/wordpress\/wp-json\/wp\/v2\/pages\/3057\/revisions"}],"predecessor-version":[{"id":8932,"href":"https:\/\/www.silent-ride.ch\/wordpress\/wp-json\/wp\/v2\/pages\/3057\/revisions\/8932"}],"wp:featuredmedia":[{"embeddable":true,"href":"https:\/\/www.silent-ride.ch\/wordpress\/wp-json\/wp\/v2\/media\/4025"}],"wp:attachment":[{"href":"https:\/\/www.silent-ride.ch\/wordpress\/wp-json\/wp\/v2\/media?parent=3057"}],"curies":[{"name":"wp","href":"https:\/\/api.w.org\/{rel}","templated":true}]}}